- 27. What is a(f)?
4
Let u(q) = q**2 - 4*q - 5. Let y(b) = b**2 - 4*b - 5. Let s(z) = -4*u(z) + 3*y(z). Let r = 657 - 651. What is s(r)?
-7
Let p(q) = 6*q + 174. Let a be p(-27). Let m(l) = -l**2 + 14*l - 17. Give m(a).
7
Suppose -14*s = 2*s - 64. Let u(q) be the second derivative of -5/12*q**4 + 1/20*q**5 + 0 - 3/2*q**2 - 2/3*q**3 + s*q. Give u(6).
9
Let r(v) = -v**2 + 12*v + 17. Let f be r(13). Suppose -28 = -f*o - 0*b - 4*b, 4*o = 4*b + 52. Let y be o/(-6) - 16/(-24). Let k(g) = -g. Calculate k(y).
1
Let i(q) = q**3 + 4. Let r be i(0). Let w(d) = -5*d - d + 1 + r*d - 3. Calculate w(-2).
2
Let b(z) = -z + 8. Let o(x) = 17*x + 3. Let a(j) = 35*j + 6. Let m(c) = -2*a(c) + 5*o(c). Let k be m(-7). Let p be k/(-119)*7*1. Determine b(p).
2
Let h(b) = -b**3 + 6*b**2 - 6*b. Let i be 1/(-7) + 1080/210. Give h(i).
-5
Let b(l) = -5*l - 1. Let j = -1 + -53. Let o = j + 51. Calculate b(o).
14
Suppose x + 4*l = -22, 4*x - 4*l + 10 + 18 = 0. Let o(g) = -g - 14. Let u be o(x). Let z(a) = a**2 + 2*a - 5. Calculate z(u).
3
Let a be -2 + 0 + -5 + 3. Let m(z) = -139*z**3 + 79*z**3 - 5 - 3*z + 61*z**3 + 4*z**2. Calculate m(a).
7
Let f(r) = -r - 1. Let g = 103 - 73. Suppose o - g = 3*o. Let p = o - -17. What is f(p)?
-3
Let q(k) = -10 + k**2 + k**2 + 4*k + 5 + 2. Suppose -16 = 5*a + 4. Calculate q(a).
13
Let h(u) = 6*u**2 - 2*u + 2. Suppose 2*l + 28 = 4*x + 6*l, 31 = 3*x + 5*l. Calculate h(x).
22
Let j = -43 - -42. Let w(c) = -c**2 + c. Let f(u) = 4*u**2 - 4*u + 3. Let g(h) = j*f(h) - 2*w(h). Calculate g(2).
-7
Let s = -236 - -242. Let i(k) = -k**2 + 8*k - 12. Give i(s).
0
Let k = 9 + -2. Let p(l) be the second derivative of -l**3/6 + 5*l**2/2 + 65*l. Determine p(k).
-2
Let l be 7/2 + (845/(-26))/(-13). Let u(w) = 3*w**2 - 9*w + 3. Calculate u(l).
57
Let b(s) = -s**3 + 11 - s**2 - 5*s + 5*s**2 + 0*s**2 - 7. Let d be b(2). Let j(a) be the second derivative of -a**5/20 + 7*a. Calculate j(d).
-8
Let s(j) = 5*j + 12. Let h(g) = 101*g + 413. Let p be h(-4). Give s(p).
57
Let l(o) be the second derivative of -o**5/20 - 7*o**4/12 - o**3/3 - 9*o**2/2 + 2*o + 1756. Let h = 11 - 18. What is l(h)?
5
Suppose -4*n = 4*i + 16, 5*n - i = 3*i + 25. Let c(z) be the third derivative of 0 + 1/20*z**5 - 1/24*z**4 + 0*z + 3*z**2 + 1/6*z**3. Give c(n).
3
Let q(t) be the third derivative of t**5/30 - 3*t**4/8 + 3*t**3/2 + 8*t**2 + 9. What is q(5)?
14
Let w be (-2 + 1 + 22)*(-8)/24. Let g(u) = -u**3 - 6*u**2 + 8*u + 6. Give g(w).
-1
Let c(s) = 4*s + 1. Let l(y) = 8 + 4*y - 2*y + 4 + 12. Let n be l(-11). What is c(n)?
9
Suppose -x = -1, -2*l - 2*x - x + 3 = 0. Suppose 12 = -4*o - l*o + 3*s, -3*s = 4*o - 12. Let n(y) = 4*y - 4*y**2 + 6*y**2 - 4 - 3*y**2 + o*y**2. Calculate n(3).
-1
Let c(u) = -u**2 + 3*u + 6. Let j be c(4). Let z(y) = -3 - 182*y**3 - 185*y**3 - 3*y**j + 3*y + 366*y**3. Give z(-4).
1
Suppose 13*h = 8*h + 40. Let q(a) = 11 + a**2 + 1 - h - 2*a - 2. Determine q(3).
5
Suppose -4*h = -4 - 0. Let o(l) be the third derivative of l**5/15 + 18*l**2. Calculate o(h).
4
Let c(r) = -5*r - 3. Suppose -6*g + 0*g = 0. Suppose -4*i - 29 + 21 = g. Determine c(i).
7
Let o(y) = -y**3 - y**2 - 3*y + 4. Suppose -882*a - 3 = -881*a. Determine o(a).
31
Let i(y) = y**3 + 7*y**2 + 3*y + 2. Let t be 105/21*(-6)/5. Determine i(t).
20
Let k(b) be the second derivative of b**4/3 + b**3/6 - 4*b. Let p(a) = 4*a - 5. Let c be p(3). Suppose -1 + c = -6*w. What is k(w)?
3
Let s(q) = 5*q - 13. Let p be s(3). Let i be p/5 + (-27)/(-45). Let y(a) = 21*a + 1. Give y(i).
22
Let h(b) = 109 + 102 - 207 - 3*b. Let j be 2/3 - (-39)/9. Determine h(j).
-11
Let f(j) be the second derivative of -j**4/12 - 5*j**3/6 - 3*j**2/2 - 14*j. What is f(-3)?
3
Suppose 34 = -5*s + h, 2*h + 3 = -h. Let a(b) = -b**2 - 7*b + 10. What is a(s)?
10
Let l(i) be the first derivative of i**3 - 6*i**2 - 12*i - 5. Let h(t) = 2*t**2 - 6*t - 6. Let p(g) = 5*h(g) - 3*l(g). What is p(-6)?
6
Let o(a) be the third derivative of -a**6/120 - a**5/20 - a**4/8 - 149*a**2. Calculate o(-2).
2
Suppose z = 3 - 15. Let d be 3/9 + (-20)/z. Suppose 0 = -4*y - 5*v - 4, -v = d*y - 5 + 1. Let p(r) = -2*r + 3. Determine p(y).
-5
Suppose 0*z + z - 16 = -2*o, 4*z - 5*o = 64. Let i = z - 13. Let y(f) = 8 - 4*f**i - 3*f + 5*f**3 + f**2 - 10. Determine y(-2).
0
Suppose -8 = 4*z - 4. Let l be (3/(-9) - z)*-3. Let r be l/4*(3 + -5). Let u(n) = -8*n**2 + 1. Determine u(r).
-7
Let k(f) = -2*f + 1. Suppose 2*m - l - 4*l - 1 = 0, m - 3 = 5*l. Calculate k(m).
5
Let m = 13 + -7. Let p(n) be the third derivative of -n**6/360 + n**5/20 + 5*n**4/6 + 34*n**2. Let y(r) be the second derivative of p(r). Calculate y(m).
-6
Let p(k) be the second derivative of 0 + 2*k + 3*k**2 - 1/6*k**3. What is p(5)?
1
Let i(x) = -x**3 + 4*x**2 + 5*x - 4. Let p be 4/(4/8 - 0). Let t be (-50)/6 - p/(-24). Let j = t - -13. Determine i(j).
-4
Let d(k) be the first derivative of k**3/3 + k**2 - 7*k + 19. Give d(0).
-7
Let i(z) be the first derivative of 13*z**3/3 + 21*z**2/2 - 32*z + 12. Let n(v) = -5*v**2 - 7*v + 11. Let a(x) = 3*i(x) + 8*n(x). Give a(6).
-2
Suppose -b = -36 - 76. Let o be ((-1)/(-5))/((-2)/(-20)). Let j be b/(-20) - o/5. Let f(v) = -v**3 - 6*v**2 - v - 7. Calculate f(j).
-1
Let r(g) = 4*g + 1. Let b(x) = x + 6*x + 2 + 3*x + x. Let k(z) = 3*b(z) - 8*r(z). Determine k(-3).
-5
Let j(h) = h**3 - h**2 - h - 1. Let m(t) = -5*t**3 + 3*t**2 + 5*t + 5. Let l(c) = c**2 - 9*c - 1. Let r be l(9). Let b(g) = r*m(g) - 4*j(g). Determine b(0).
-1
Let i(y) = -y**2 + 7*y + 2. Let z(q) = -q**2 + q - 1. Let o(m) = 7*m**2 + 5*m + 28. Let j(v) = -o(v) - 6*z(v). Let x be j(-7). Calculate i(x).
8
Let v(d) = 6*d - 1. Suppose -5*w - 4 = -6*w. Suppose -5*p = -3*o + 21, 23 - 3 = w*o - 4*p. Give v(o).
11
Let m(v) be the third derivative of -v**6/120 - v**5/5 - 11*v**4/24 + 4*v**3/3 + 555*v**2. Determine m(-11).
8
Let r(s) = -2*s**2 + s. Let h(v) = 14*v**2 - 6*v. Let m(o) = h(o) + 6*r(o). What is m(-2)?
8
Let t(n) = -3 - 7*n - 3*n - 3*n. Suppose -100*m = -81*m + 38. Give t(m).
23
Let y(g) = g. Let x(h) = -h**2 + 5*h + 3. Let o be -3 + -2 + -1 + 5. Let v(l) = o*x(l) + 6*y(l). Give v(-3).
3
Let c(j) = -j**2 + 5*j. Let q be c(2). Let f be (5/(-2))/((-4)/8). Let g(d) = 4*d + f + 3*d - 8*d. Calculate g(q).
-1
Suppose 0 = -7*f - 2*f + 9. Let r(b) = b + 1. Let h(i) = i**2 - 6 - 2 + 3*i + 1. Let m(d) = f*h(d) + 2*r(d). Determine m(-6).
1
Let u(k) be the third derivative of k**4/24 - k**3/2 - 132*k**2. What is u(-9)?
-12
Let c(x) = 7*x**3 + 7*x**2 - 14*x + 1. Let b(w) = -12*w**3 - 15*w**2 + 27*w - 3. Let l(m) = -3*b(m) - 5*c(m). Determine l(-11).
4
Suppose -2*m - 2*m + 23 = -c, 0 = 3*c + m + 17. Suppose 5*i + 8 = 9*i. Let t(b) = b + 0*b**3 + 9*b**i - b**3 + 7 - 16*b**2. What is t(c)?
0
Let d(f) = f**2 - f - 10. Let a = -78 + 80. Suppose -2*g + 15 = g. Suppose -g*p = -a*p. Determine d(p).
-10
Let q(i) = i**2 - i. Let x(v) = 3*v**2 + 4*v + 1. Let h(w) = q(w) - x(w). Calculate h(-3).
-4
Let v(q) be the second derivative of -q**3/6 + 7*q**2/2 + 3*q. Let k be v(3). Let a(o) = 0*o**3 - k*o**2 + 4*o**3 - 2 + 0 - 3*o**3 + o. What is a(4)?
2
Let y(j) = 5*j**2 + 38*j - 41. Let s(o) = 5*o**2 + 39*o - 41. Let i(k) = 3*s(k) - 2*y(k). Let n(h) = h**2 + 8*h - 8. Let x(u) = 2*i(u) - 11*n(u). What is x(-6)?
6
Let v(q) = 5 - q - 5 + 2 - 2*q**2 + 0*q - q**3. Let i(x) = 5*x**3 - 28*x + 30*x - 4*x**3 + 16 + 7 + 13*x**2. Let u be i(-13). What is v(u)?
14
Let v be ((-8)/(-5))/(420/1050). Let q(m) = 3*m**2 - 5*m**3 + 5*m + 1 + 4*m**3 + 0*m**2. Calculate q(v).
5
Let h = 77 - 74. Let k(a) = -h*a - 2*a**3 + 5*a + 0*a - 2*a**2 - a. Determine k(1).
-3
Let s(d) = 36*d + 9. Let g(b) = -30*b - 8. Let o(r) = -8*g(r) - 7*s(r). Give o(-6).
73
Let r = -13 + 14. Let k be (r*-2)/((-10)/15). Let j(g) be the third derivative of g**5/60 - g**4/24 - g**3/6 + 5*g**2. Calculate j(k).
5
Let h(r) = 16*r - 2. Let x(c) = 91*c - 10. Let b(t) = -34*h(t) + 6*x(t). What is b(-8)?
-8
Let n(w) be the third derivative of -w**6/120 - w**5/12 + 3*w**4/8 + 3*w**3 + 361*w**2 - 1. Determine n(-6).
0
Let y(u) = 2*u**2 + 6*u + 3. Let x = 28 - 21. Suppose 27 = -5*r + x. Give y(r).
11
Suppose -3*h - 4*g + 1 = 0, 2*h + 7*g = 4*g - 1. Let f(y) = 4*y + 10. Calculate f(h).
38
Let i(v) = -v**3 - 5*v**2 + v + 1. Suppose 5 = -3*f - 2*f. Let o be (1 + f)/(3 + -1). Suppose o*q = -3*q - 